4254/27. Let t = z - 149. Let c(l) = l + 3. Give c(t).
12
Let y(h) = -3 + 0*h**2 - 10 - 12*h + h**2. Let u(j) = -j**2 + 77. Let z be u(8). What is y(z)?
0
Let r(a) = -3*a**3 - 8*a**2 - a. Let n be r(-1). Let d(l) = -5*l - 13. Determine d(n).
7
Let c be (-2 + -3 - -2)/(363/605). Let t(o) = o**3 + 4*o**2 - 14*o - 36. Give t(c).
9
Let f = 28 + -34. Let o be (4/f)/(4/102). Let m = o + 9. Let h(p) = -p**2 - 11*p - 12. Give h(m).
12
Let i(f) = 3*f - 34. Suppose -5*k + 4*k - 25 = -3*l + 2, 0 = 5*k. Determine i(l).
-7
Let t = 184 + -182. Let q(f) = -8*f**2 - 9681*f**3 + 9680*f**3 - f + 4*f**t. Calculate q(-3).
-6
Let u be (-3 - -3)/(((-225)/(-100))/((-6)/8)). Let d(w) be the first derivative of w**3/3 - w**2/2 + 7*w - 1. What is d(u)?
7
Let j(y) be the third derivative of y**5/60 + 5*y**4/8 + 3*y**3 - 144*y**2. Determine j(-11).
-26
Let t be 1/((-8)/10 - -1). Let s be (-6 - 96/(-18))*(-27 - 0). Let c(k) = -s + k + 7 + 5. What is c(t)?
-1
Let a(p) = 195*p**2 + p - 1. Let k be a(-1). Let y = k + -185. Let w(j) = -j**2 + 6*j + 6. Determine w(y).
-10
Let d(h) = -5*h - 2. Suppose -34*j = -103*j - 131*j + 13000. Suppose -2*n = w + 136, 0 = n + w - 0*w + 68. Let u = j + n. Give d(u).
13
Let y(a) = -7*a - 5. Let o(r) = 22*r + 16. Let s(l) = 2*o(l) + 7*y(l). Suppose 382*m = 385*m + 3. Let x(f) = f + 1. Let g(k) = m*s(k) - 4*x(k). Calculate g(-1).
-2
Let x(m) = 3*m + 1. Suppose -25 = -r + 5*c - 0*c, -25 = 2*r + 5*c. Suppose 5*n - 2*g - 2*g + 31 = r, -n - 23 = -5*g. Let w be x(n). Let a(k) = k + 7. Give a(w).
-1
Let i(n) be the second derivative of -n**4/6 - 11*n**3/6 + 9*n**2/2 + 796*n. Give i(-4).
21
Let l(q) = -4*q + 1. Let o(u) = -4*u - 8 + 9*u + 2 + 0 + 4. Let j(r) = 3*l(r) + 2*o(r). Determine j(-6).
11
Let r(i) = 2 - 3*i**2 - 3*i + 88538*i**3 - 88537*i**3 + 2. Let s be (-56)/(-20) + 2/10. Suppose j = -2*l + 9, s = 3*j + j - 3*l. Calculate r(j).
-5
Let j be (-5)/((-21)/6 + 3). Let c be j/15*30/4. Let q(g) = -3 + 1 + c*g + 5*g - 4*g. Determine q(-2).
-14
Let z(s) be the third derivative of -s**6/120 + s**5/10 - 5*s**4/12 - 25*s**2 + 45*s + 1. What is z(4)?
-8
Let g(c) = -18*c**3 + 7*c**2 + 23*c + 3. Let l(f) = -20*f**3 + 6*f**2 + 27*f + 1. Let r(a) = -9*g(a) + 8*l(a). What is r(7)?
-5
Let n(l) = -4*l - 31. Suppose 4*d - 2*s = -10, s + 25 = -d - 3*s. Calculate n(d).
-11
Let g(x) be the first derivative of x**4/4 + 4*x**3/3 - x**2/2 - 10*x - 7059. Determine g(-6).
-76
Suppose 0 = 301*q - 311*q. Let k(a) = q*a**2 + 8*a**2 - 8*a - 7*a**2 + 2 - 8. Give k(8).
-6
Let x(w) = -w**3 + 14*w**2 - w + 31. Let u be x(14). Let g = u - 17. Let f(a) = a**3 - a**2 + a + 9. What is f(g)?
9
Let v(o) = 20 + 23 + 125219*o - 125202*o - 8 + o**2. Determine v(-14).
-7
Let z(f) = f**3 - f**2 - 43*f - 3. Let m be 20/50*(-1 + 31)/(40/(-20)). Calculate z(m).
3
Suppose -6*k + 1521 = -399. Let w(t) = -k*t + 164*t - t**2 + 161*t. What is w(5)?
0
Let x(s) = 2*s**2 - s - 2. Let k(l) = -l**2 - 10*l + 76. Let g be k(5). Let w(d) = -2*d**2 + 4*d + 9. Let f(q) = g*w(q) + 4*x(q). Calculate f(-1).
7
Let b(i) = -i**3 - 25*i**2 + 56*i + 50. Suppose -2328*l + 2315*l - 351 = 0. What is b(l)?
-4
Let y be 168/78 + 2/(-13). Let g(w) = -w**2 + 4*w + 1. Let t(m) be the second derivative of m**4/12 - 5*m**3/6 - 11*m. Let l(z) = y*g(z) + 3*t(z). Give l(7).
2
Let u be 1/(7 - (-14546)/(-2079)). Let i = -304 + u. Let t(h) = h**2 + 8*h - 9. What is t(i)?
-16
Let t(q) be the first derivative of q**5/24 - q**4/12 + 7*q**3/3 + q + 2. Let k(m) be the third derivative of t(m). Give k(4).
18
Let g(v) = -67*v**3 - 18*v**2 - 39*v + 102. Let r(p) = -14*p**3 - 4*p**2 - 8*p + 21. Let x(s) = 5*g(s) - 24*r(s). Let q = -18 - -12. Give x(q).
24
Let y(d) = 2*d + 5. Let j(z) = -258*z + 126*z + 8 - 3 + 133*z. Let u be ((-10)/(-2) + -2)*-3. Let o be j(u). Determine y(o).
-3
Let u(w) = -w**2 - 3*w - 2. Let m = 10 + 2. Suppose -m*l = -15*l - 30. Let x(i) = 4*i + 35. Let c be x(l). Calculate u(c).
-12
Let v(x) = -x**3 + 13*x**2 - 10*x - 21. Let n be v(12). Suppose -53 + 35 = -n*m. Let d(l) = l**3 - 6*l**2 + 1. What is d(m)?
1
Let g(q) = -q**2 - 9*q + 10. Let v(c) = -c**3 + c**2 + 6*c + 5. Let t be v(-2). Suppose 2*d + 5*y + 36 + 3 = 0, 3*d - 4 = t*y. What is g(d)?
24
Let i = -27943 - -27960. Let c(h) = -h**2 + 3*h + 196. Give c(i).
-42
Let x(a) be the third derivative of -a**4/12 + 4*a**3 - 2*a**2 - 56. Determine x(4).
16
Suppose -f + 21 = 13. Let y(h) = -f*h**2 + 50*h + h**2 - 27*h - 1 - 24*h. Give y(-1).
-7
Let h(i) be the first derivative of i**3/3 + i**2/2 + 5*i - 2092. What is h(-3)?
11
Let g be (-321)/(-45) - 4/30. Let c(l) be the first derivative of l**4/4 - 8*l**3/3 + 4*l**2 - 8*l - 2096. Calculate c(g).
-1
Let x(k) be the first derivative of -3*k**2/2 - k + 5. Suppose -10*z + 10 = -240. Let j = z + -21. Give x(j).
-13
Let h(o) = -o**2 - 7*o. Let s(j) = 5*j**2 + 20*j + 1. Let v(u) = 8*h(u) + 3*s(u). Suppose 3*t = -2*y + 8, -3*y + 4*t - 10 - 12 = 0. Calculate v(y).
23
Let o be 2220/777*119/(-85). Let v(u) be the first derivative of 2*u**2 + 6*u - 1. What is v(o)?
-10
Let a(l) be the third derivative of l**4/3 - l**3/3 + 5*l**2. Let s = -4545 - -4546. What is a(s)?
6
Let o(k) be the third derivative of 0*k - 2/3*k**3 + 1/12*k**5 + 1/120*k**6 + 1 + 1/12*k**4 - k**2. Give o(-3).
8
Let t(p) = 2*p**3 + 10*p**2 - 11*p + 9. Let d be t(-6). Suppose 5*f - 55 = -3*l, 5*l + d*f = 8*f + 25. Let x(z) = -z + 6. Calculate x(l).
-4
Let p be (2 - 4)/(3/(-9)). Let q(b) = p*b**2 - b**2 + 4*b + b**2 + 2. Suppose 40*s + 391 = 311. Calculate q(s).
18
Let v(s) = 41*s**3 + 90*s**2 + 528*s - 148. Let w(n) = -7*n**3 - 15*n**2 - 89*n + 25. Let t(g) = -6*v(g) - 35*w(g). Calculate t(-9).
4
Let b(z) = 298 - 9*z - 139 - 7*z + 5*z - 139. What is b(2)?
-2
Let k = -309 + 158. Let i = k - -145. Let o(r) = -r**3 - 6*r**2 + 5*r + 2. Determine o(i).
-28
Let m(f) be the third derivative of f**5/60 + 5*f**4/8 - f**3 - 1173*f**2. What is m(-11)?
-50
Let r(a) = a**3 + 5 + 3*a**3 + 5*a**2 - 1 - 6*a**3 + 0*a**3 - 3*a. Let h = 6 - 10. Let j = 7 + h. Calculate r(j).
-14
Let h(t) be the first derivative of 3*t**2/2 - 22*t + 722. Let x(f) = 7*f**3 - f + 2. Let q be x(1). Determine h(q).
2
Let k(i) = -17*i**3 + 150*i**2 - 20*i + 7. Let w(h) = -13*h**3 + 115*h**2 - 15*h + 5. Let v(c) = -10*k(c) + 13*w(c). Determine v(2).
-7
Suppose 4*z + 13*s = 9*s - 476, 0 = 4*s + 24. Suppose 103 = -x - 15. Let t = z - x. Let y(b) = b**3 - 4*b**2 - b - 5. What is y(t)?
15
Let s(h) be the third derivative of -h**7/720 + h**6/720 + h**5/60 + h**3/2 - 2*h**2 + 68. Let k(i) be the third derivative of s(i). What is k(1)?
-6
Let x(k) = -3*k + 4. Let z = -315 + 335. Suppose -p = -z + 23. Give x(p).
13
Let n(f) = 5*f**2 + 18*f - 2. Suppose -465*l = -663*l - 792. Calculate n(l).
6
Let x be 2 - (-13 - -3) - (13 - 5). Let s(l) = -l**3 + 5*l**2 - l + 4. Determine s(x).
16
Let t(a) = -5*a + 21 + 18 - 8*a**3 - 51 + 20 + 7*a**3 - 8*a**2. What is t(-7)?
-6
Let k(y) = y**3 - y**2 - 1. Let s(c) = -3*c**3 + 10*c**2 + 9*c + 9. Let n(p) = -2*k(p) - s(p). Suppose -25 = 78*m - 480 - 247. What is n(m)?
-7
Let t(v) = -3*v - 14. Let h be t(-7). Let y(o) = -2*o + h*o - 2 + 1. Suppose 4*j + 6 = 2, -5*j = -5*b - 5. Determine y(b).
-11
Suppose 89 = -3*b - 28. Let f be (65/b)/(1/(-3)). Let r(j) = j**3 - 6*j**2 + 6*j - 6. Let m be r(f). Let g(a) = -a**3 - a**2 - 1. What is g(m)?
-1
Let w(s) = 10*s + 92. Let d = 10 - 19. Let p be w(d). Let f(b) = -12*b. Determine f(p).
-24
Suppose 0 = -33*u - 296 + 65. Let c(y) = 40*y + 291. Calculate c(u).
11
Suppose 30 - 16 = p. Let x(v) = -65*v + 186*v + 1 - 65*v + p*v**2 - 57*v. Determine x(1).
14
Let z(h) = 3*h**2 - 43 - h**3 - 299*h + 304*h + 73 - 39. Determine z(4).
-5
Suppose -2*m - 56 = -6*m - 2*b, 0 = -m - 5*b + 23. Suppose 55*o = 53*o + 6. Suppose -o*x + m = 1. Let l(f) = -f + 7. Determine l(x).
3
Let j(q) = -q**2 - 39*q - 329. Let v be 63/(-42) - ((-870)/(-36) + 3/9). Give j(v).
9
Let i(o) = 2*o**3 + o**2 + o. Suppose 251*y = 268*y + 17. Calculate i(y).
-2
Let l = -12705/2 - -6353. Let o(t) be the second derivative of 1/12*t**4 + 36*t + 0 + 1/5*t**5 + l*t**2 + 1/3*t**3. Give o(-1).
-4
Suppose -55 = 6*o - 13. Let i(j) be the second derivative of 1/20*j**5 - 3/2*j**3 + 4*j + 0 + 1/2*j**4 - j**2. Give i(o).
12
Suppose -26 = -v - 4*l, -l + 48 - 7 = v. Let b(p) = -v*p + 2*p + 48